636 = -4*i, -2*i - 318 = -3*n. Let j = 444 + i. What is the tens digit of j?
8
Let t(q) = -2*q**3 + 3*q**2 - 4*q + 8. Let p be t(2). What is the units digit of (1905/(-12))/5*p?
7
What is the units digit of 1 + (26406/12)/(4/24)?
4
Let x be (3 - 1)*12/8. Suppose 3885 = 18*o - x*o. What is the hundreds digit of o?
2
Let m(g) = g**3 + 7*g**2 + 5*g - 12. Let p be m(-6). Let q be (-28)/(-6) + (-2)/p. Let u(f) = f**3 - 2*f**2 - 7*f + 13. What is the units digit of u(q)?
3
Let s be ((-44)/(-24))/11*222. Suppose 945 = 46*z - s*z. What is the units digit of z?
5
Let c(v) = 201*v + 120. Let z be c(8). Let q = z + -414. What is the units digit of q?
4
Let h(m) = m**2 - 13*m - 5. Let u be h(-3). Let b = 7 - u. What is the tens digit of (-3)/(-3) - (b*1)/1?
3
Let v(g) = 10*g - 25. Let s be v(3). Suppose 3*w - 2*d - 3075 = 881, -s*w + 6596 = -2*d. What is the thousands digit of w?
1
What is the hundreds digit of (0 + 1)/(-1) - (-71)/(497/326746)?
6
Let r = 33915 - 27762. What is the units digit of r?
3
Let s = -8166 - -14875. What is the thousands digit of s?
6
Let g = 39797 + -27584. What is the tens digit of g?
1
Suppose -n + 2 = -9. Suppose n*g + 330 = 22*g. What is the units digit of g?
0
Suppose 3*n + 8 = n, 52 = 5*r - 3*n. Suppose 0 = -9*y + 251 - r. Suppose 3*l - 68 = -5*v, -34 = -5*v + 4*l + y. What is the tens digit of v?
1
Suppose s - 68680 - 4424 = 2*g, -3*g = 9. What is the thousands digit of s?
3
What is the units digit of (-5)/(13/162604*-4)?
5
Let s = 3500 - 1302. What is the hundreds digit of s?
1
Let b = -67 - -67. Suppose 3 = z - u - b*u, -12 = -2*z + 5*u. What is the units digit of z/(27/2625) + 2/(-9)?
7
Let c(r) = 10*r + 6. Let h be c(-2). Let a = h + 16. Suppose 5*o = -3*n + 309, 9 = a*n + n. What is the tens digit of o?
6
Suppose 6*i - 11*i = -4*m + 22, 42 = 5*m + i. Let h(w) be the first derivative of -w**2/2 + 21*w - 1. What is the units digit of h(m)?
3
Suppose 0 = 2*c - 299 + 357. Let i(p) = p**2 - 9*p - 172. What is the tens digit of i(c)?
3
Suppose -6*q - 3*q = 567. Let z = q + 63. Suppose 0 = -5*b, -i + z*b = 4*b - 90. What is the units digit of i?
0
Let q = 421 + -421. Suppose q = -127*h + 138*h - 5511. What is the units digit of h?
1
Let u be -1 + ((-3)/(-1) - (-75)/(-15)). Let k be ((-726)/4)/(u/4). Let d = -101 + k. What is the tens digit of d?
4
Let g be 9/(45/(-2))*-5. Suppose -2*w + 2 = f, -3*f = 2*w + g - 4. What is the units digit of (f - -1) + 14*10?
1
Suppose 3*r - 2*r = 4*h - 95, h + 4*r = 11. Let f = -12027 + 12028. What is the units digit of (0 + f)*(164 + h)?
7
Let v(d) = d**2 - 68*d + 56. What is the units digit of v(-92)?
6
Suppose 9*g - 165 = 213. Suppose -g*s = -38*s - 80. Suppose -2*m + s = 2*i, 4*i - 2*m = -3*m + 31. What is the units digit of i?
7
Suppose 2*m + 3 = 4*l + 27, -5*l - 5*m = 0. What is the units digit of (29712/(-20))/(-4) - l/(-10)?
1
Suppose 197*k = 1715148 - 127131. What is the tens digit of k?
6
Suppose -114 = -5*i + 96. Let y = -36 + i. Suppose 53 = -y*a + 7*a. What is the units digit of a?
3
Let i = -6002 + 6464. What is the units digit of i?
2
Let z(i) = -94*i + 103. What is the tens digit of z(-8)?
5
Suppose 10*o - 12*o = -342. Suppose -5*b + 4 - 29 = 0, -4*j + b = -313. Let t = o - j. What is the units digit of t?
4
Suppose 45*j + 74 = -286. What is the units digit of (2 + (-25)/10)/(j/4016)?
1
Let r(o) = o**3 + 9*o**2 + 19*o + 17. Let m be r(-6). What is the hundreds digit of ((-222)/(-8))/(m/308)?
7
What is the thousands digit of (-26 + (-516816)/108)*(-72)/14?
4
Suppose -28 = -3*h - x, 0*h + 2*x - 47 = -5*h. Suppose h*v + 18 = 3*v. What is the units digit of -3*3/(v/31)?
3
Let w be (48/(-3))/(0 + 1*-2). Suppose -w*n = -43 - 37. What is the units digit of n?
0
Let z(v) = 11919*v**2 + 49*v - 1. What is the ten thousands digit of z(1)?
1
Let s(z) = 5*z + 74. Let h be s(-18). Let v(i) = -i**3 - 14*i**2 - i - 67. What is the hundreds digit of v(h)?
4
Let b = 617 + -597. Let u be ((-5)/10)/(2/(-32)). Let f = b - u. What is the tens digit of f?
1
Let f(w) = w**2 - 6*w - 13. Let j be f(-11). Suppose 22*p - j = 15402. What is the units digit of p?
8
Let z = -79586 + 162729. Suppose -18607 = -55*i + z. What is the thousands digit of i?
1
Suppose 232 = -x - 3*t - 2*t, -226 = x + 2*t. Let d = -196 - x. What is the units digit of d?
6
Let s(c) = c**3 - 14*c**2 + 32*c + 5. Let l be s(14). Let o = l + 247. Let g = o + -484. What is the hundreds digit of g?
2
Suppose -4*a + 5*k = 121, a - 5*k + 73 = -a. Let o = 27 + a. Suppose -3*m + 2*m - o*b + 8 = 0, -5*m = -b - 40. What is the units digit of m?
8
Let r = 3428 + -1132. Let v = r + -259. What is the hundreds digit of v?
0
Let p = -145 + -41. Suppose -1136 = -8*z + 4*z. Let b = z + p. What is the tens digit of b?
9
Suppose 13*t = 11*t - 48. Let v be ((-9)/2)/(12/t). What is the tens digit of 726/v + 1/3?
8
Let m(f) = 5*f**2 + 19*f + 12. Let c(r) = -r**3 + 7*r**2 - 7*r - 1. Let n be c(6). What is the units digit of m(n)?
4
Let n(i) = 5*i**2 - 9*i + 168. Let r be (-80)/(8 + -16) + (-1 - -3). What is the hundreds digit of n(r)?
7
Let n(o) = -40*o**2 - 2*o + 2. Let k be n(1). Let x = k - -40. Suppose -6*w + 87 + 225 = x. What is the units digit of w?
2
Suppose -4*y - 108 - 940 = 0. Let n = -104 - y. What is the units digit of n?
8
Suppose 0 = -2*h, -3*h + h - 14171 = -o + 13966. What is the hundreds digit of o?
1
Let q(j) = 404*j**2 + 39*j - 222. What is the units digit of q(8)?
6
Let w = 7422 + -4337. What is the tens digit of w?
8
Let l(y) = 820*y**2 - 67*y - 10. What is the hundreds digit of l(-3)?
5
Let g(b) = 11*b**2 - 4*b - 9. Suppose 2*u - 26 = 2*i, -3*u - 5*i + 0*i - 1 = 0. What is the tens digit of g(u)?
6
Let f = -5859 - -13263. What is the thousands digit of f?
7
Suppose -5*p = 4*b - 46271, -118*p - 23137 = -2*b - 121*p. What is the tens digit of b?
6
Let u = -333 + 320. Let q(d) = d**3 + 20*d**2 + 27*d + 67. What is the tens digit of q(u)?
9
Let n(s) = -s**3 + 11*s**2 - 7*s + 6. Let k be n(10). Let u = k + 3. Suppose -u*o + 37*o = -152. What is the tens digit of o?
7
Suppose -23*p + 24*p + a = 2870, 4*p - 3*a = 11480. What is the thousands digit of p?
2
Let w(d) = 142*d - 1245. What is the hundreds digit of w(62)?
5
Let t = -22 - -46. Let h = -9 + t. What is the tens digit of (-3)/2*(h/3 - 135)?
9
Let r = 29 - -185. Let a = r - 153. What is the units digit of a?
1
Suppose -60 = 5*g + 4*n, -9*g - 34 = -6*g + 2*n. Let l = g - -124. What is the hundreds digit of l?
1
Suppose 0 = l - 4*d, l + 3*l = 2*d. Let w be ((l - -2) + -2)*-1. What is the units digit of -2 + (w + 0 - -23)?
1
Let d(b) = 623*b**2 + 11*b + 6. What is the thousands digit of d(-3)?
5
Let j = 79 + -70. What is the hundreds digit of (12/j)/(12/2151)?
2
Suppose 104*w + 95*w - 2006517 = 0. What is the ten thousands digit of w?
1
Let a(r) = 25*r**2 + 19*r + 86. Let b = -210 + 204. What is the tens digit of a(b)?
7
What is the units digit of (96/112)/(1*(-5)/35) - -1907?
1
Let k be 0*6/(-150)*5. Suppose g - p - 626 = k, 2476 = 4*g + 3*p - 0*p. What is the tens digit of g?
2
Let r(b) be the first derivative of 5*b**3/3 + b**2 + 49*b + 89. What is the tens digit of r(-8)?
5
Suppose 5*s + w = 24, -18*s = -19*s + w. Suppose p - 9*l - 886 = -8*l, 3*p + s*l = 2679. What is the units digit of p?
9
Let d = -479 - -274. Let u = d - -450. Suppose 5*q + k - 623 = 0, 2*q + k - u = 2*k. What is the units digit of q?
4
What is the units digit of ((-5)/(-1) - (-97)/(-19)) + (-4250700)/(-190)?
2
Let y be 1*(-12 + -8)/4. Let l(n) = -14*n**3 - 14*n**2 + 13*n + 25. What is the tens digit of l(y)?
6
Let v be -38 + (-4)/(-1 + (-1 - -4)). Let s = v + 50. Suppose -s*u + 777 = -93. What is the tens digit of u?
8
Let j = 21731 + -10852. What is the hundreds digit of j?
8
What is the thousands digit of (-4 + (-16858)/(-5))/(2/10)?
6
Let a(v) = v - 16*v**2 + 8*v**2 + 12 + v**3 + 22*v**2. Let n be a(-14). Let x(f) = 22*f**2 - 5*f - 7. What is the units digit of x(n)?
1
What is the tens digit of ((-12)/(-10))/(360/568350)*2?
8
Let k = 3046 - -3570. What is the thousands digit of k?
6
Let z = 1529 + -964. Let d = -227 + z. What is the tens digit of d?
3
Suppose 2*x + 2*x + 2*w - 6 = 0, x = -w + 1. Let n(i) = 0*i**2 - 2*i**2 + 13 - 10*i**2 - i + 11*i**3 - 9 + 9*i**2. What is the tens digit of n(x)?
7
Let f 